{"id":94,"date":"2017-12-22T15:19:35","date_gmt":"2017-12-22T14:19:35","guid":{"rendered":"https:\/\/dr-cayrel-dentiste.fr\/?page_id=94"},"modified":"2021-09-21T15:11:23","modified_gmt":"2021-09-21T13:11:23","slug":"soigner-ses-caries-pour-conserver-ses-dents","status":"publish","type":"page","link":"https:\/\/www.dr-cayrel-dentiste.fr\/?page_id=94","title":{"rendered":"Soigner ses caries pour conserver ses dents"},"content":{"rendered":"\n<p>Soigner les dents et les conserver est le but premier de la dentisterie. Cela commence par la pr\u00e9vention pour \u00e9viter l&rsquo;apparition de caries, gr\u00e2ce aux conseils d&rsquo;<em><a title=\"L\u2019hygi\u00e8ne bucco-dentaire\" href=\"https:\/\/www.dr-cayrel-dentiste.fr\/?page_id=106\">hygi\u00e8ne bucco-dentaire<\/a><\/em>, et d&rsquo;<em><a title=\"Les caries\" href=\"https:\/\/www.dr-cayrel-dentiste.fr\/?page_id=109\">hygi\u00e8ne de vie<\/a><\/em>. Il est possible aussi d&rsquo;utiliser des sealents sur des dents afin de les prot\u00e9ger des attaques carieuses. Une fois la carie install\u00e9e des soins plus ou moins longs selon la profondeur de cette carie seront n\u00e9cessaires. De fa\u00e7on g\u00e9n\u00e9rale plus le dentiste intervient t\u00f4t et plus les traitements sont rapides, peu on\u00e9reux et l&rsquo;anesth\u00e9sie facile \u00e0 obtenir. Attendre est une mauvaise id\u00e9e.<\/p>\n\n\n\n<div class=\"wp-block-image\"><figure class=\"alignleft\"><img loading=\"lazy\" decoding=\"async\" width=\"300\" height=\"186\" src=\"https:\/\/dr-cayrel-dentiste.fr\/wp-content\/uploads\/2017\/12\/dent-ttt-sealent-300x186.jpg\" alt=\"\" class=\"wp-image-28\" srcset=\"https:\/\/www.dr-cayrel-dentiste.fr\/wp-content\/uploads\/2017\/12\/dent-ttt-sealent-300x186.jpg 300w, https:\/\/www.dr-cayrel-dentiste.fr\/wp-content\/uploads\/2017\/12\/dent-ttt-sealent.jpg 483w\" sizes=\"auto, (max-width: 300px) 100vw, 300px\" \/><\/figure><\/div>\n\n\n\n<p>Les sealents sont des r\u00e9sines fluor\u00e9es que l&rsquo;on place au niveau des sillons des dents. Ils permettent d&rsquo;\u00e9viter la stagnation d&rsquo;aliments, de renforcer la dent et de faciliter le brossage, ce qui prot\u00e8ge la dent des caries se d\u00e9veloppant dans les sillons. Les sealents sont rembours\u00e9s par la s\u00e9curit\u00e9 sociale chez les enfants jusqu&rsquo;au quatorzi\u00e8me anniversaire.<\/p>\n\n\n\n<div class=\"wp-block-image\"><figure class=\"alignright\"><img loading=\"lazy\" decoding=\"async\" width=\"300\" height=\"162\" src=\"https:\/\/dr-cayrel-dentiste.fr\/wp-content\/uploads\/2017\/12\/dent-ttt-composite-300x162.jpg\" alt=\"\" class=\"wp-image-25\" srcset=\"https:\/\/www.dr-cayrel-dentiste.fr\/wp-content\/uploads\/2017\/12\/dent-ttt-composite-300x162.jpg 300w, https:\/\/www.dr-cayrel-dentiste.fr\/wp-content\/uploads\/2017\/12\/dent-ttt-composite-500x270.jpg 500w, https:\/\/www.dr-cayrel-dentiste.fr\/wp-content\/uploads\/2017\/12\/dent-ttt-composite.jpg 555w\" sizes=\"auto, (max-width: 300px) 100vw, 300px\" \/><\/figure><\/div>\n\n\n\n<p>Tant que la carie n&rsquo;a pas atteint le nerf, il est possible de la nettoyer et de la reboucher avec diff\u00e9rents mat\u00e9riaux. Votre dentiste choisira le<br>plus adapt\u00e9 selon la taille et la localisation de la carie, mais ce sera, le plus souvent, un amalgame (ou plombage gris) ou un composite (blanc).<\/p>\n\n\n\n<div class=\"wp-block-image\"><figure class=\"alignleft\"><img loading=\"lazy\" decoding=\"async\" width=\"248\" height=\"300\" src=\"https:\/\/dr-cayrel-dentiste.fr\/wp-content\/uploads\/2017\/12\/dent-carie-3-248x300.jpg\" alt=\"\" class=\"wp-image-31\" srcset=\"https:\/\/www.dr-cayrel-dentiste.fr\/wp-content\/uploads\/2017\/12\/dent-carie-3-248x300.jpg 248w, https:\/\/www.dr-cayrel-dentiste.fr\/wp-content\/uploads\/2017\/12\/dent-carie-3.jpg 310w\" sizes=\"auto, (max-width: 248px) 100vw, 248px\" \/><\/figure><\/div>\n\n\n\n<p>Lorsque la carie est trop profonde et a atteint la pulpe (ou nerf) de la dent, il devient indispensable de retirer cette pulpe, d\u00e9sinfecter les canaux de la dent et les reboucher avec une p\u00e2te. C&rsquo;est un traitement long sur une dent souvent fragilis\u00e9e par une grosse carie qui n\u00e9cessitera donc, la plupart du temps, une couronne par la suite pour la prot\u00e9ger.<\/p>\n\n\n\n<div class=\"wp-block-image\"><figure class=\"alignright\"><img loading=\"lazy\" decoding=\"async\" width=\"248\" height=\"300\" src=\"https:\/\/dr-cayrel-dentiste.fr\/wp-content\/uploads\/2017\/12\/dent-ttt-inlay-core-248x300.jpg\" alt=\"\" class=\"wp-image-26\" srcset=\"https:\/\/www.dr-cayrel-dentiste.fr\/wp-content\/uploads\/2017\/12\/dent-ttt-inlay-core-248x300.jpg 248w, https:\/\/www.dr-cayrel-dentiste.fr\/wp-content\/uploads\/2017\/12\/dent-ttt-inlay-core.jpg 539w\" sizes=\"auto, (max-width: 248px) 100vw, 248px\" \/><\/figure><\/div>\n\n\n\n<p>Les couronnes sont indiqu\u00e9es pour prot\u00e9ger la dent restante d&rsquo;un risque de fracture et r\u00e9parer les dents trop abim\u00e9es pour \u00eatre reconstruites par un composite ou un amalgame. Il s&rsquo;agit d&rsquo;une capsule qui vient cercler la dent pour la renforcer. Les couronnes peuvent \u00eatre en m\u00e9tal (couleur grise) ou en c\u00e9ramique (couleur dent).<\/p>\n\n\n\n<p>L&rsquo;inlay core est une petite pi\u00e8ce de m\u00e9tal qui vient s&rsquo;ins\u00e9rer dans la racine lorsque le moignon de la dent est trop abim\u00e9 pour que la couronne puisse tenir sur ce qui reste de celle-ci. Son but est donc d&rsquo;aller chercher une r\u00e9tention dans la racine. Cette pi\u00e8ce est faite par le proth\u00e9siste, une alternative faite par le dentiste au fauteuil est possible dans certaines conditions.<\/p>\n\n\n\n<p><a href=\"#\">Imprimer la page<\/a><\/p>\n","protected":false},"excerpt":{"rendered":"<p>Soigner les dents et les conserver est le but premier de la dentisterie. Cela commence par la pr\u00e9vention pour \u00e9viter l&rsquo;apparition de caries, gr\u00e2ce aux conseils d&rsquo;hygi\u00e8ne bucco-dentaire, et d&rsquo;hygi\u00e8ne de vie. Il est possible aussi d&rsquo;utiliser des sealents sur &hellip; <a href=\"https:\/\/www.dr-cayrel-dentiste.fr\/?page_id=94\">Continuer la lecture <span class=\"meta-nav\">&rarr;<\/span><\/a><\/p>\n","protected":false},"author":4,"featured_media":0,"parent":88,"menu_order":1,"comment_status":"closed","ping_status":"closed","template":"","meta":{"footnotes":""},"class_list":["post-94","page","type-page","status-publish","hentry"],"publishpress_future_action":{"enabled":false,"date":"2026-05-08 16:15:10","action":"change-status","newStatus":"draft","terms":[],"taxonomy":"","extraData":[]},"publishpress_future_workflow_manual_trigger":{"enabledWorkflows":[]},"_links":{"self":[{"href":"https:\/\/www.dr-cayrel-dentiste.fr\/index.php?rest_route=\/wp\/v2\/pages\/94","targetHints":{"allow":["GET"]}}],"collection":[{"href":"https:\/\/www.dr-cayrel-dentiste.fr\/index.php?rest_route=\/wp\/v2\/pages"}],"about":[{"href":"https:\/\/www.dr-cayrel-dentiste.fr\/index.php?rest_route=\/wp\/v2\/types\/page"}],"author":[{"embeddable":true,"href":"https:\/\/www.dr-cayrel-dentiste.fr\/index.php?rest_route=\/wp\/v2\/users\/4"}],"replies":[{"embeddable":true,"href":"https:\/\/www.dr-cayrel-dentiste.fr\/index.php?rest_route=%2Fwp%2Fv2%2Fcomments&post=94"}],"version-history":[{"count":1,"href":"https:\/\/www.dr-cayrel-dentiste.fr\/index.php?rest_route=\/wp\/v2\/pages\/94\/revisions"}],"predecessor-version":[{"id":335,"href":"https:\/\/www.dr-cayrel-dentiste.fr\/index.php?rest_route=\/wp\/v2\/pages\/94\/revisions\/335"}],"up":[{"embeddable":true,"href":"https:\/\/www.dr-cayrel-dentiste.fr\/index.php?rest_route=\/wp\/v2\/pages\/88"}],"wp:attachment":[{"href":"https:\/\/www.dr-cayrel-dentiste.fr\/index.php?rest_route=%2Fwp%2Fv2%2Fmedia&parent=94"}],"curies":[{"name":"wp","href":"https:\/\/api.w.org\/{rel}","templated":true}]}}